{"id":3861,"date":"2019-03-15T18:18:54","date_gmt":"2019-03-15T18:18:54","guid":{"rendered":"https:\/\/www.okler.net\/ezy\/wordpress\/content-multi-purpose-4\/?page_id=3861"},"modified":"2023-07-13T19:04:13","modified_gmt":"2023-07-13T19:04:13","slug":"home","status":"publish","type":"page","link":"http:\/\/www.timosys.net\/","title":{"rendered":"Home"},"content":{"rendered":"<p>[vc_row full_width=&#8221;stretch_row&#8221; padding_spacement_lg=&#8221;0px \/ 0px \/ 0px \/ 0px&#8221; margin_spacement_sm=&#8221;-121px \/ 0px \/ 0px \/ 0px&#8221; margin_spacement_xs=&#8221;-224px \/ 0px \/ 0px \/ 0px&#8221; custom_spacement_margin_id=&#8221;5e8b7c8f3b21c&#8221; css=&#8221;.vc_custom_1684394571161{padding-top: 40px !important;padding-bottom: 40px !important;}&#8221; el_class=&#8221;position-relative ezy-row-border-top-containered&#8221;][vc_column width=&#8221;2\/3&#8243; margin_spacement_sm=&#8221;0px \/ 0px \/ 0px \/ 0px&#8221; margin_spacement_xs=&#8221;0px \/ 0px \/ 30px \/ 0px&#8221; custom_spacement_margin_id=&#8221;5e8b7c8f3b222&#8243;]<div  class=\"ezy-heading text-left  \" ><span class=\"ezy-text-tag heading-sub-title d-block font-weight-normal has-custom-text-color\" style=\"color: #bfbfbf;\">Kolay ileti\u015fim<\/span><h2 class=\"ezy-text-tag main-heading-text font-weight-semibold has-skin-text-color text-color-light\" style=\"font-size: 24px !important;  margin-bottom: 0px;\">TimoSYS ile \u00d6zel \u00c7\u00f6z\u00fcmler<\/h2><\/div>[vc_empty_space][\/vc_column][vc_column width=&#8221;1\/3&#8243;]<div  class=\"ezy-icon-box  \" ><div class=\"icon-box icon-box-style-1\"><div class=\"icon-box-icon pr-3 pb-2 rounded-circle\"><i class=\"lnr lnr-phone-handset text-8 position-relative\" style=\"color: #ffffff; top: 6px;\"><\/i><\/div><div class=\"icon-box-info\"><div class=\"icon-box-info-title\"><span class=\"ezy-text-tag heading-sub-title font-weight-normal has-skin-text-color \"><\/span><h4 class=\"ezy-text-tag w-100 font-weight-bold has-skin-text-color text-color-light\" style=\"margin-bottom: 0px;\">Telefon Numaram\u0131z<\/h4><\/div><p>0(212) 741 5060<\/p>\n<\/div><\/div><\/div>[vc_empty_space][\/vc_column][\/vc_row][vc_row margin_spacement_lg=&#8221;100px \/ 0px \/ 0px \/ 0px&#8221; css=&#8221;.vc_custom_1679729202765{margin-bottom: 4.5rem !important;}&#8221;][vc_column width=&#8221;1\/3&#8243;][vc_column_text]<\/p>\n<h2>Donan\u0131m<\/h2>\n<p>[\/vc_column_text][vc_single_image image=&#8221;55170&#8243; img_size=&#8221;FULL&#8221; css_animation=&#8221;zoomIn&#8221;][vc_column_text css_animation=&#8221;fadeInLeft&#8221;]<strong>\u00d6n \u00f6demeli mod\u00fcller:<\/strong>\u00a0Ticaret merkezleri ve al\u0131\u015f veri\u015f merkezlerinde bina y\u00f6netimlerine, m\u00fc\u015fterilerine satt\u0131klar\u0131 elektrik, su veya \u0131s\u0131tma bedelini pe\u015fin olarak tahsil etmek amac\u0131yla geli\u015ftirilmi\u015ftir. Elektrik veya su saya\u00e7lar\u0131 ile birlikte \u00e7al\u0131\u015fmaya uygundur.<\/p>\n<p><strong>Ethernet g\u00f6m\u00fcl\u00fc kontrol cihazlar\u0131:<\/strong>\u00a01 ethernet portu ve konfig\u00fcre edilebilen 4 adet RS485 seri portu bulunur. Cihazla birlikte gelen uygulama yard\u0131m\u0131yla kolayl\u0131kla sanal port uygulamalar\u0131 yap\u0131labilir.<\/p>\n<p><strong>LORA enerji saya\u00e7lar\u0131: <\/strong>3-fazl\u0131, ray montaj\u0131na uygun\u00a0 LORA haberle\u015fmeli direkt giri\u015fli enerji saya\u00e7lar\u0131 kablosuz haberle\u015fme yap\u0131s\u0131 ile mevcut tesislerde h\u0131zl\u0131 ve kolayca kullan\u0131labilir.[\/vc_column_text][\/vc_column][vc_column width=&#8221;1\/3&#8243;][vc_column_text]<\/p>\n<h2>Yaz\u0131l\u0131m<\/h2>\n<p>[\/vc_column_text][vc_single_image image=&#8221;55171&#8243; img_size=&#8221;FULL&#8221; css_animation=&#8221;zoomIn&#8221;][vc_column_text css_animation=&#8221;fadeInUp&#8221;]<strong>SCADA Yaz\u0131l\u0131m\u0131:<\/strong>\u00a0AG ve OG tesislerin uzak izleme ve denetimine y\u00f6nelik SCADA uygulamalar\u0131 yapmaktay\u0131z. Citect yaz\u0131l\u0131m\u0131 i\u00e7erdi\u011fi yakla\u015f\u0131k 150 driver ile yayg\u0131n kullan\u0131mda olan \u00e7ok say\u0131da cihazla haberle\u015fme yetene\u011fine sahiptir.<\/p>\n<p><strong>Faturalama ve raporlama yaz\u0131l\u0131mlar\u0131:<\/strong>\u00a0EnerjiBil faturalama ve raporlama yaz\u0131l\u0131m\u0131 kiral\u0131k alanlara ait enerji saya\u00e7lar\u0131n\u0131n otomatik olarak okunarak enerji veya su t\u00fcketim bedellerinin kirac\u0131ya yans\u0131t\u0131lmas\u0131 amac\u0131yla kullan\u0131l\u0131r.<\/p>\n<p><strong>Web tabanl\u0131 uzak denetim yaz\u0131l\u0131mlar\u0131:<\/strong>\u00a0EnerjiBil bulut uzak denetim yaz\u0131l\u0131m\u0131 SaaS (servis \u015feklinde yaz\u0131l\u0131m sa\u011flama) olarak \u00e7al\u0131\u015fan bir IOT enerji platformudur. Enerji verisinin markadan ba\u011f\u0131ms\u0131z olarak toplanmas\u0131n\u0131, i\u015flenmesini ve analizini ger\u00e7ekle\u015ftirir[\/vc_column_text][\/vc_column][vc_column width=&#8221;1\/3&#8243;][vc_column_text]<\/p>\n<h2>Uygulama<\/h2>\n<p>[\/vc_column_text][vc_single_image image=&#8221;55172&#8243; img_size=&#8221;FULL&#8221; css_animation=&#8221;zoomIn&#8221;][vc_column_text css_animation=&#8221;fadeInRight&#8221;]<strong>Enerjinin Anl\u0131k \u0130zlenmesi: <\/strong>Tesisin ana ve tali da\u011f\u0131t\u0131m noktalar\u0131ndaki enerji, su ve \u0131s\u0131 t\u00fcketimlerini anl\u0131k izleyin<\/p>\n<p><strong>Alarmlar\u0131n Y\u00f6netimi:<\/strong>\u00a0Tesiste olu\u015fan alarm durumlar\u0131n\u0131, e\u015fik de\u011ferleri a\u015f\u0131m\u0131 ve hata durumlar\u0131 derhal alarm ekran\u0131n\u0131za gelsin<\/p>\n<p><strong>Y\u00fck Atma Uygulamas\u0131:<\/strong>\u00a0Enerji kesintisi veya ada modu \u00e7al\u0131\u015fmada belirlenen senaryoya uygun y\u00fcklerin at\u0131lmas\u0131<\/p>\n<p><strong>Kablosuz sens\u00f6r verilerinin toplanmas\u0131<\/strong><strong>: <\/strong>LORAWAN kablosuz sens\u00f6rlerle binalar ve end\u00fcstriyel tesislerde s\u0131cakl\u0131k, nem, hava kalitesi, proses bilgilerinin toplanmas\u0131 ve kullan\u0131c\u0131 aray\u00fczleri olu\u015fturulmas\u0131.[\/vc_column_text][\/vc_column][\/vc_row][vc_section background_color=&#8221;custom&#8221; background_color_custom=&#8221;#f1f3f7&#8243; css=&#8221;.vc_custom_1586268609517{padding-top: 3rem !important;padding-bottom: 3.9rem !important;}&#8221;][vc_row content_placement=&#8221;middle&#8221; margin_spacement_sm=&#8221;35px \/ 0px \/ 30px \/ 0px&#8221; custom_spacement_margin_id=&#8221;5e8b7c8f3b252&#8243;][vc_column css_animation=&#8221;fadeInLeftShorter&#8221; width=&#8221;1\/2&#8243; css_animation_delay=&#8221;200&#8243; margin_spacement_sm=&#8221;0px \/ 0px \/ 0px \/ 0px&#8221; margin_spacement_xs=&#8221;0px \/ 0px \/ 50px \/ 0px&#8221; custom_spacement_margin_id=&#8221;5e8b7c8f3b25d&#8221;][vc_row_inner][vc_column_inner margin_spacement_sm=&#8221;0px \/ 0px \/ 0px \/ 0px&#8221; margin_spacement_xs=&#8221;0px \/ 0px \/ 0px \/ 0px&#8221; custom_spacement_margin_id=&#8221;5e8b7c8f3b269&#8243;]<div  class=\"ezy-counter counters  \" ><div class=\"counter text-center font-weight-extra-bold text-color-dark\"><div style=\"font-size: 12px;\"><strong data-to=\"12368\" data-append=\"+\" style=\"font-weight: inherit;\">12368<\/strong><label class=\"font-weight-light text-color-dark\" style=\"font-size: 13px;\">Devreye Al\u0131nan Enerji Analiz\u00f6r\u00fc<\/label><\/div><\/div><\/div>[\/vc_column_inner][\/vc_row_inner][\/vc_column][vc_column css_animation=&#8221;fadeInRightShorter&#8221; width=&#8221;1\/2&#8243; css_animation_delay=&#8221;200&#8243;]<div  class=\"ezy-card custom_spacement_margin_5e8b7c8f3b288 absolute-y-center \" ><div class=\"card card-style-4 border-0 rounded\"><div class=\"image-frame rounded\"><div class=\"image-frame-wrapper\"><img loading=\"lazy\" decoding=\"async\" width=\"800\" height=\"533\" src=\"http:\/\/www.timosys.net\/wp-content\/uploads\/2023\/03\/expirable-direct-uploads_2F22c4ef37-e3a7-416d-84cf-e01079dec6ab_2FApp_dashboard-800x533.webp\" class=\"img-fluid w-100 rounded\" alt=\"\" srcset=\"http:\/\/www.timosys.net\/wp-content\/uploads\/2023\/03\/expirable-direct-uploads_2F22c4ef37-e3a7-416d-84cf-e01079dec6ab_2FApp_dashboard-800x533.webp 800w, http:\/\/www.timosys.net\/wp-content\/uploads\/2023\/03\/expirable-direct-uploads_2F22c4ef37-e3a7-416d-84cf-e01079dec6ab_2FApp_dashboard-300x200.webp 300w, http:\/\/www.timosys.net\/wp-content\/uploads\/2023\/03\/expirable-direct-uploads_2F22c4ef37-e3a7-416d-84cf-e01079dec6ab_2FApp_dashboard-1024x683.webp 1024w, http:\/\/www.timosys.net\/wp-content\/uploads\/2023\/03\/expirable-direct-uploads_2F22c4ef37-e3a7-416d-84cf-e01079dec6ab_2FApp_dashboard-768x512.webp 768w, http:\/\/www.timosys.net\/wp-content\/uploads\/2023\/03\/expirable-direct-uploads_2F22c4ef37-e3a7-416d-84cf-e01079dec6ab_2FApp_dashboard-1536x1024.webp 1536w, http:\/\/www.timosys.net\/wp-content\/uploads\/2023\/03\/expirable-direct-uploads_2F22c4ef37-e3a7-416d-84cf-e01079dec6ab_2FApp_dashboard-600x400.webp 600w, http:\/\/www.timosys.net\/wp-content\/uploads\/2023\/03\/expirable-direct-uploads_2F22c4ef37-e3a7-416d-84cf-e01079dec6ab_2FApp_dashboard.webp 1620w\" sizes=\"auto, (max-width: 800px) 100vw, 800px\" \/><div class=\"image-frame-info image-frame-info-show flex-column align-items-center\"><div  class=\"ezy-icon-box vc_custom_1679900623789 \" ><a href=\"http:\/\/www.timosys.net\/wp-content\/uploads\/2023\/03\/timosys.mp4\" class=\"lightbox d-flex text-decoration-none align-items-center\" data-plugin-options=\"{&#039;type&#039;: &#039;iframe&#039;}\"><div class=\"icon-box icon-box-style-7\"><div class=\"icon-box-icon  pr-3  pb-2 bg-primary border-color-primary rounded-circle d-inline-flex align-items-center justify-content-center hover-anim hover-anim-effect-1\" style=\"width: 80px; height: 80px; padding: 0;\"><i class=\"fas fa-play text-5\" style=\"color: #ffffff;\"><\/i><\/div><div class=\"icon-box-info\"><div class=\"icon-box-info-title\"><span class=\"ezy-text-tag heading-sub-title font-weight-normal has-skin-text-color \"><\/span><h4 class=\"ezy-text-tag w-100 font-weight-normal has-skin-text-color \"><\/h4><\/div><\/div><\/div><\/a><\/div><div  class=\"ezy-button d-flex justify-content-center  \" ><button class=\"btn align-items-center btn-dark btn-rounded font-weight-normal\"  style=\"font-size: 12px; padding: 11px 50px;\">KNX S\u0130STEMLER<\/button><\/div>\n<\/div><\/div><\/div><div class=\"card-body rounded bg-dark\" ><p class=\"ezy-text-tag font-weight-normal has-custom-text-color text-center d-block\" style=\"color: #bfbfbf;\">Enerji verimlili\u011fi sa\u011flanabilecek alanlar aras\u0131nda ayd\u0131nlatma sistemleri \u00f6nemli bir yer tutar. KNX altyap\u0131s\u0131 ile ayd\u0131nlatma senaryolar\u0131 olu\u015fturabilir, ak\u0131ll\u0131 sens\u00f6rler ile g\u00fcn \u0131\u015f\u0131\u011f\u0131na g\u00f6re i\u00e7 mekan ayd\u0131nlatmas\u0131n\u0131 y\u00f6netebilirsiniz. \u00c7ok i\u015flevli anahtarlar ile birden fazla noktay\u0131 kontrol edebilir, dilerseniz termostatik kontrol yapabilirsiniz.<\/p><\/div><\/div><\/div>[\/vc_column][\/vc_row][\/vc_section][vc_row css_animation=&#8221;fadeIn&#8221; css=&#8221;.vc_custom_1683009283642{padding-top: 150px !important;}&#8221;][vc_column width=&#8221;2\/3&#8243;][vc_single_image image=&#8221;55340&#8243; img_size=&#8221;full&#8221; onclick=&#8221;custom_link&#8221; link=&#8221;http:\/\/www.timosys.net\/index.php\/2023\/06\/16\/acibadem-altunizade-istanbul\/&#8221;][\/vc_column][vc_column width=&#8221;1\/3&#8243;][vc_single_image image=&#8221;55341&#8243; img_size=&#8221;full&#8221; onclick=&#8221;custom_link&#8221; link=&#8221;http:\/\/www.timosys.net\/index.php\/2023\/06\/16\/emaar-square\/&#8221;][\/vc_column][\/vc_row][vc_row][vc_column][vc_column_text]<\/p>\n<div style=\"width: 1140px;\" class=\"wp-video\"><!--[if lt IE 9]><script>document.createElement('video');<\/script><![endif]-->\n<video class=\"wp-video-shortcode\" id=\"video-3861-1\" width=\"1140\" height=\"641\" autoplay preload=\"metadata\" controls=\"controls\"><source type=\"video\/mp4\" src=\"http:\/\/www.timosys.net\/wp-content\/uploads\/2023\/03\/timosys.mp4?_=1\" \/><a href=\"http:\/\/www.timosys.net\/wp-content\/uploads\/2023\/03\/timosys.mp4\">http:\/\/www.timosys.net\/wp-content\/uploads\/2023\/03\/timosys.mp4<\/a><\/video><\/div>\n<p>[\/vc_column_text][\/vc_column][\/vc_row][vc_row margin_spacement_lg=&#8221;5rem \/ 0rem \/ 4.2rem \/ 0rem&#8221; margin_spacement_xs=&#8221;5rem \/ 0rem \/ 5rem \/ 0rem&#8221;][vc_column css_animation=&#8221;fadeInLeftShorter&#8221; width=&#8221;1\/2&#8243; css_animation_delay=&#8221;200&#8243; margin_spacement_sm=&#8221;0px \/ 0px \/ 0px \/ 0px&#8221; margin_spacement_xs=&#8221;0px \/ 0px \/ 30px \/ 0px&#8221;]<div  class=\"ezy-heading text-left  \" ><span class=\"ezy-text-tag heading-sub-title d-block font-weight-light has-skin-text-color text-color-primary\">NASIL \u00c7ALI\u015eIR ?<\/span><h2 class=\"ezy-text-tag main-heading-text font-weight-bold has-skin-text-color \" style=\"font-size: 20px !important;  margin-bottom: 35px;\">Sistem Kurulum Ad\u0131mlar\u0131m\u0131z<\/h2><\/div><div  class=\"ezy-steps-slide h-100  \" ><div class=\"owl-carousel owl-theme carousel-corner-light dots-primary carousel-style-1 dots-style-1\" data-plugin-options=\"{&#039;items&#039;: 1, &#039;autoplayHoverPause&#039;: true, &#039;autoplay&#039;: true, &#039;autoplayTimeout&#039;: 7000, &#039;dots&#039;: true, &#039;navtext&#039;: [], &#039;animateIn&#039;: &#039;fadeIn&#039;, &#039;animateOut&#039;: &#039;fadeOut&#039;}\"><div class=\"content-wrapper\"><div class=\"left-content\"><div><p class=\"ezy-text-tag mb-0 font-weight-normal has-skin-text-color \">ADIM<\/p><span class=\"ezy-text-tag font-weight-extra-bold has-skin-text-color text-color-primary\" style=\"font-size: 48px !important;  line-height: 55px !important; \">1<\/span><\/div><\/div><div class=\"right-content\"><h2 class=\"ezy-text-tag font-weight-extra-bold has-skin-text-color \" style=\"font-size: 18px !important;  margin-bottom: 20px;\">PLANLAMA VE \u00dcR\u00dcN SE\u00c7\u0130M\u0130<\/h2><p class=\"ezy-text-tag font-weight-normal has-skin-text-color \" style=\"margin-bottom: 20px;\">Uygun enerji \u00f6l\u00e7\u00fcm noktalar\u0131n\u0131 belirleyin. \u0130lgili \u00f6l\u00e7\u00fcm noktalar\u0131nda kablolu veya kablosuz haberle\u015febilen enerji saya\u00e7lar\u0131n\u0131 veya enerji analiz\u00f6rlerinin montaj\u0131n\u0131 ve yap\u0131land\u0131rmas\u0131n\u0131 tamamlay\u0131n.<\/p><\/div><\/div><div class=\"content-wrapper\"><div class=\"left-content\"><div><p class=\"ezy-text-tag mb-0 font-weight-normal has-skin-text-color \">ADIM<\/p><span class=\"ezy-text-tag font-weight-extra-bold has-skin-text-color text-color-primary\" style=\"font-size: 48px !important;  line-height: 55px !important; \">2<\/span><\/div><\/div><div class=\"right-content\"><h3 class=\"ezy-text-tag font-weight-extra-bold has-skin-text-color text-color-dark\" style=\"font-size: 18px !important;  margin-bottom: 20px;\">ALTYAPI<\/h3><p class=\"ezy-text-tag font-weight-normal has-skin-text-color \" style=\"margin-bottom: 20px;\">Enerji analiz\u00f6rlerinden ve saya\u00e7lardan verinin toplanabilmesi i\u00e7in gerekli d\u00f6n\u00fc\u015ft\u00fcr\u00fcc\u00fc ve gateway kullan\u0131lmas\u0131 gerekir. Enerjibil platformunda tan\u0131ml\u0131 gateway cihazlar i\u00e7in deteyl\u0131 bilgi sayfas\u0131n\u0131 inceleyiniz.<\/p><\/div><\/div><div class=\"content-wrapper\"><div class=\"left-content\"><div><p class=\"ezy-text-tag mb-0 font-weight-normal has-skin-text-color \">ADIM<\/p><span class=\"ezy-text-tag font-weight-extra-bold has-skin-text-color text-color-primary\" style=\"font-size: 48px !important;  line-height: 55px !important; \">3<\/span><\/div><\/div><div class=\"right-content\"><h3 class=\"ezy-text-tag font-weight-extra-bold has-skin-text-color text-color-dark\" style=\"font-size: 18px !important;  margin-bottom: 20px;\">DASHBOARD<\/h3><p class=\"ezy-text-tag font-weight-normal has-skin-text-color \" style=\"margin-bottom: 20px;\">Toplanan enerji verilerinin g\u00f6rselle\u015ftirilebilmesi i\u00e7in gateway \u00fczerindeki bilginin bulut ortam\u0131na aktar\u0131larak yaz\u0131l\u0131m \u00fczerinde gateway kay\u0131t i\u015flemini tamamlay\u0131n ve istenilen dashboard ekranlar\u0131n\u0131 olu\u015fturun.<\/p><\/div><\/div><\/div><\/div>[\/vc_column][vc_column css_animation=&#8221;fadeInRightShorter&#8221; width=&#8221;1\/2&#8243; css_animation_delay=&#8221;200&#8243;]<div  class=\"ezy-accordion  \" ><div id=\"accordion1\" role=\"tablist\" class=\"accordion accordion-minimal accordion-primary\"><div class=\"card\"><div class=\"card-header accordion-header\" role=\"tab\" id=\"accordionHeader1\"><h5 class=\"mb-0\"><a class=\"d-flex align-items-center no-skin\" href=\"#\" data-toggle=\"collapse\" data-target=\"#accordionCollapse1\" aria-expanded=\"false\" aria-controls=\"accordionCollapse1\">\u00d6zel \u00c7\u00f6z\u00fcmler \u00dcretiriz<\/a><\/h5><\/div><div class=\"collapse show\" id=\"accordionCollapse1\" role=\"tabpanel\" data-parent=\"#accordion1\"><div class=\"card-body\"><p>[vc_column_text css=&#8221;.vc_custom_1689273802332{margin-bottom: 0px !important;}&#8221;]\u0130htiya\u00e7lar\u0131n\u0131za y\u00f6nelik donan\u0131m ve yaz\u0131l\u0131m \u00e7\u00f6z\u00fcmlerimizden baz\u0131lar\u0131<br \/>\n\u2022 \u00d6n \u00f6deme mod\u00fcl\u00fcm\u00fcz<br \/>\n\u2022 EnerjiBil faturalama ve enerji raporlama yaz\u0131l\u0131m\u0131[\/vc_column_text]<\/p>\n<\/div><\/div><\/div><div class=\"card\"><div class=\"card-header accordion-header\" role=\"tab\" id=\"accordionHeader2\"><h5 class=\"mb-0\"><a class=\"d-flex align-items-center no-skin collapsed\" href=\"#\" data-toggle=\"collapse\" data-target=\"#accordionCollapse2\" aria-expanded=\"false\" aria-controls=\"accordionCollapse2\">Uzak Denetim<\/a><\/h5><\/div><div class=\"collapse\" id=\"accordionCollapse2\" role=\"tabpanel\" data-parent=\"#accordion1\"><div class=\"card-body\"><p>[vc_column_text css=&#8221;.vc_custom_1679732494764{margin-bottom: 0px !important;}&#8221;]Uzmanl\u0131k konumuz uzak denetim. Elektriksel verilerin farkl\u0131 cihazlardan toplanmas\u0131, kay\u0131t alt\u0131na al\u0131nmas\u0131 ve anla\u015f\u0131labilir bi\u00e7imde raporlanmas\u0131 i\u00e7in de\u011fi\u015fik platformlarda \u00e7\u00f6z\u00fcmlerimiz var.[\/vc_column_text]<\/p>\n<\/div><\/div><\/div><div class=\"card\"><div class=\"card-header accordion-header\" role=\"tab\" id=\"accordionHeader3\"><h5 class=\"mb-0\"><a class=\"d-flex align-items-center no-skin collapsed\" href=\"#\" data-toggle=\"collapse\" data-target=\"#accordionCollapse3\" aria-expanded=\"false\" aria-controls=\"accordionCollapse3\">Ayd\u0131nlatma Otomasyonu<\/a><\/h5><\/div><div class=\"collapse\" id=\"accordionCollapse3\" role=\"tabpanel\" data-parent=\"#accordion1\"><div class=\"card-body\"><p>[vc_column_text css=&#8221;.vc_custom_1679732514749{margin-bottom: 0px !important;}&#8221;]Bina gereksinimlerine uygun kullan\u0131\u015fl\u0131 ve verimli KNX tabanl\u0131 ayd\u0131nlatma sistemi \u00e7\u00f6z\u00fcmleri sunuyoruz.[\/vc_column_text]<\/p>\n<\/div><\/div><\/div>\n<\/div><\/div>[\/vc_column][\/vc_row]<\/p>\n","protected":false},"excerpt":{"rendered":"<p>[vc_row full_width=&#8221;stretch_row&#8221; padding_spacement_lg=&#8221;0px \/ 0px \/ 0px \/ 0px&#8221; margin_spacement_sm=&#8221;-121px \/ 0px \/ 0px \/ 0px&#8221; margin_spacement_xs=&#8221;-224px \/ 0px \/ 0px \/ 0px&#8221; custom_spacement_margin_id=&#8221;5e8b7c8f3b21c&#8221; css=&#8221;.vc_custom_1684394571161{padding-top: 40px !important;padding-bottom: 40px !important;}&#8221; el_class=&#8221;position-relative ezy-row-border-top-containered&#8221;][vc_column width=&#8221;2\/3&#8243; margin_spacement_sm=&#8221;0px \/ 0px \/ 0px \/ 0px&#8221; margin_spacement_xs=&#8221;0px \/ 0px \/ 30px \/ 0px&#8221; custom_spacement_margin_id=&#8221;5e8b7c8f3b222&#8243;][vc_empty_space][\/vc_column][vc_column width=&#8221;1\/3&#8243;][vc_empty_space][\/vc_column][\/vc_row][vc_row margin_spacement_lg=&#8221;100px \/ 0px \/ 0px \/ 0px&#8221; [&hellip;]<\/p>\n","protected":false},"author":1,"featured_media":0,"parent":0,"menu_order":0,"comment_status":"closed","ping_status":"closed","template":"","meta":{"footnotes":""},"class_list":["post-3861","page","type-page","status-publish","hentry"],"_links":{"self":[{"href":"http:\/\/www.timosys.net\/index.php\/wp-json\/wp\/v2\/pages\/3861","targetHints":{"allow":["GET"]}}],"collection":[{"href":"http:\/\/www.timosys.net\/index.php\/wp-json\/wp\/v2\/pages"}],"about":[{"href":"http:\/\/www.timosys.net\/index.php\/wp-json\/wp\/v2\/types\/page"}],"author":[{"embeddable":true,"href":"http:\/\/www.timosys.net\/index.php\/wp-json\/wp\/v2\/users\/1"}],"replies":[{"embeddable":true,"href":"http:\/\/www.timosys.net\/index.php\/wp-json\/wp\/v2\/comments?post=3861"}],"version-history":[{"count":66,"href":"http:\/\/www.timosys.net\/index.php\/wp-json\/wp\/v2\/pages\/3861\/revisions"}],"predecessor-version":[{"id":55471,"href":"http:\/\/www.timosys.net\/index.php\/wp-json\/wp\/v2\/pages\/3861\/revisions\/55471"}],"wp:attachment":[{"href":"http:\/\/www.timosys.net\/index.php\/wp-json\/wp\/v2\/media?parent=3861"}],"curies":[{"name":"wp","href":"https:\/\/api.w.org\/{rel}","templated":true}]}}